).
-105
Let f(v) = -889*v - 11555. What is f(-13)?
2
Let m(i) = -i**3 + 432*i + 433. Give m(-1).
2
Let o(f) = 19*f - 718. What is o(38)?
4
Let w(m) = 228*m - 3173. What is w(14)?
19
Let z(u) = 1171*u - 3511. Determine z(3).
2
Let v(h) = -5*h**2 - 9*h + 172. What is v(6)?
-62
Let h(w) = -2*w**3 - 8*w**2 + 16*w + 2. Calculate h(-6).
50
Let b(q) = 222*q + 2224. What is b(-10)?
4
Let o(w) = -396*w**2 - 3975*w - 147. Determine o(-10).
3
Let m(f) = 263*f - 46827. Calculate m(178).
-13
Let g(k) = 2*k**3 - 30*k**2 - 17*k - 237. Calculate g(16).
3
Let y(u) = u**2 - 441*u + 16380. Give y(41).
-20
Let w(b) = -b**3 + 8*b**2 + 30*b - 21. Give w(9).
168
Let x(a) = 2*a**3 + 23*a**2 + 26*a + 26. What is x(-11)?
-139
Let z(g) = -12*g**2 + 10*g - 8. Give z(3).
-86
Let w(k) = 229*k + 480. Determine w(-2).
22
Let o(n) = 5*n**2 - 62*n + 734. Give o(19).
1361
Let j(k) = -4*k**2 + 15*k + 97. Give j(-10).
-453
Let u(j) = -2506*j - 7522. Determine u(-3).
-4
Let s(t) = -7*t**3 - 3*t**2 - 24*t - 33. Give s(-2).
59
Let z(k) = -k**3 + 81*k**2 - 395*k + 1137. Give z(76).
-3
Let z(y) = 2977*y + 2979. What is z(-1)?
2
Let m(l) = 3*l - 97. Give m(17).
-46
Let r(b) = 180*b + 4. What is r(1)?
184
Let r(b) = b**3 - 9*b**2 - 225*b + 101. Give r(20).
1
Let q(l) = -8*l**2 + 496*l - 2. What is q(62)?
-2
Let o(b) = 171*b + 16927. What is o(-99)?
-2
Let b(i) = -i**2 - 5*i + 11. Determine b(-17).
-193
Let x(i) = i**3 - 17*i**2 + 22*i - 727. Give x(18).
-7
Let z(s) = -6*s**3 - 44*s**2 + 67*s + 284. Give z(-8).
4
Let f(i) = -i**3 - 2*i**2 - 23*i - 6. Calculate f(0).
-6
Let w(q) = q**3 + 29*q**2 + 49*q - 300. Determine w(-27).
-165
Let r(c) = 11*c - 235. Calculate r(33).
128
Let o(g) = 101*g + 462. Calculate o(-5).
-43
Let z(w) = -7*w**2 + 33*w + 161. What is z(-5)?
-179
Let a(c) = 3*c**2 - 61*c - 67. Determine a(28).
577
Let w(r) = -36*r + 939. Give w(24).
75
Let t(x) = 17*x**2 - 2044*x + 484. Calculate t(120).
4
Let k(c) = 2*c**3 - 127*c**2 + 189*c - 144. Calculate k(62).
42
Let y(t) = -4*t**2 + 65*t - 14. Calculate y(15).
61
Let v(u) = -12*u - 226. Give v(-14).
-58
Let k(c) = 4*c**2 + 329*c - 1946. Calculate k(6).
172
Let y(m) = -m**3 + 3*m**2 + 155*m - 42. Calculate y(-11).
-53
Let z(v) = -7*v + 65. Determine z(10).
-5
Let s(y) = -y**3 + 3*y**2 + 42*y - 16. Determine s(8).
0
Let g(x) = x**2 - 57*x + 361. Calculate g(50).
11
Let a(b) = b**2 - 78*b + 1504. Give a(41).
-13
Let k(w) = 20*w**2 + 38*w + 118. Calculate k(-3).
184
Let i(t) = t**3 + 10*t**2 + 9*t + 414. Determine i(-12).
18
Let y(j) = 2226*j**2 - 8904*j + 6. Calculate y(4).
6
Let j(i) = -64*i + 329. What is j(-3)?
521
Let j(v) = v**3 + 19*v**2 - 42*v - 9. What is j(3)?
63
Let b(k) = -k**3 - 59*k**2 + 65*k + 228. Determine b(-60).
-72
Let h(b) = -b**3 + 37*b**2 + 120*b - 16. Determine h(40).
-16
Let u(l) = l**3 + 23*l**2 + 23*l + 26. What is u(-22)?
4
Let o(j) = -174*j - 15665. What is o(-90)?
-5
Let g(q) = 380*q - 44836. Give g(118).
4
Let q(k) = 83*k - 2494. Give q(30).
-4
Let o(z) = z**3 - 30*z**2 + 130*z - 137. Calculate o(25).
-12
Let g(j) = -j**3 - 11*j**2 + 50*j - 139. Calculate g(-15).
11
Let t(i) = 3*i**2 + 126*i + 1284. Determine t(-24).
-12
Let n(x) = 27*x - 880. Determine n(26).
-178
Let k(j) = j**3 - 17*j**2 - 153*j + 1. Give k(-6).
91
Let g(c) = -c**2 - 56*c + 29. Determine g(-57).
-28
Let n(v) = v**2 + 60*v - 1211. What is n(16)?
5
Let c(w) = -337*w + 4037. What is c(12)?
-7
Let j(v) = -v**2 + 1137*v + 4572. What is j(-4)?
8
Let x(h) = -216*h + 46. Calculate x(0).
46
Let v(r) = -r**3 - 133*r**2 - 267*r - 665. Determine v(-131).
-10
Let r(s) = 3*s**2 - 268*s - 2551. Give r(98).
-3
Let f(z) = 112*z - 1884. Give f(16).
-92
Let x(d) = d**2 - 37*d + 336. Give x(28).
84
Let i(r) = 29*r + 187. Calculate i(-12).
-161
Let j(l) = -l**2 - 951*l + 27399. Give j(28).
-13
Let q(g) = g**3 + 11*g**2 + 41*g + 447. What is q(-11)?
-4
Let z(l) = -1620*l - 1642. Give z(-1).
-22
Let f(u) = -u**3 - 4*u**2 - 85*u - 575. Calculate f(-6).
7
Let q(l) = -365*l - 2189. Determine q(-6).
1
Let x(p) = -p**3 + 77*p**2 + 877*p - 639. What is x(87)?
-30
Let u(c) = 26*c**2 - 337*c - 19. Calculate u(13).
-6
Let s(a) = 10*a + 325. What is s(-30)?
25
Let y(h) = 4*h**2 + 289*h + 372. Give y(-71).
17
Let i(v) = 560*v - 3808. Calculate i(7).
112
Let v(c) = 4658*c + 32608. What is v(-7)?
2
Let v(u) = -29*u + 1007. Calculate v(28).
195
Let y(u) = 1785*u - 7130. Give y(4).
10
Let o(v) = -4*v**2 - 94*v - 536. Calculate o(-14).
-4
Let q(h) = -149*h + 1414. Calculate q(10).
-76
Let a(l) = 2079*l + 62375. What is a(-30)?
5
Let p(v) = 2*v**2 + 60*v + 143. Determine p(-29).
85
Let f(p) = 52*p + 2194. Determine f(-42).
10
Let y(v) = v**3 - 7*v**2 + 6*v - 17. Calculate y(6).
-17
Let p(t) = -2*t**3 - 65*t**2 - 586. What is p(-33)?
503
Let n(u) = 142*u + 151. Give n(-1).
9
Let y(p) = -p**3 - 8*p**2 + 10*p + 139. What is y(-7)?
20
Let j(h) = -h**2 + 56*h - 242. What is j(52)?
-34
Let y(t) = t**2 + 14*t - 698. Calculate y(20).
-18
Let q(u) = -26*u**2 + 319*u + 320. Determine q(-1).
-25
Let z(w) = w + 50. Calculate z(3).
53
Let i(v) = -7*v**3 + 3*v + 5. Determine i(-3).
185
Let u(h) = 3*h**2 - 20*h - 83. Determine u(10).
17
Let m(k) = -k**3 + 32*k**2 + 29*k + 85. What is m(33)?
-47
Let g(h) = 4568*h - 127904. Determine g(28).
0
Let i(y) = y**2 - 118*y + 3184. Determine i(76).
-8
Let d(g) = 17*g**2 + 196*g + 258. Give d(-10).
-2
Let u(m) = m**3 - 44*m**2 + 89*m - 280. Give u(42).
-70
Let t(a) = -4*a**3 + 91*a**2 + 94*a - 1691. Calculate t(23).
-58
Let u(k) = -7*k - 1028. What is u(-60)?
-608
Let t(d) = 20*d**2 - 10*d + 13. What is t(-2)?
113
Let u(h) = 7*h**2 + 54*h + 70. What is u(-6)?
-2
Let w(p) = 2*p**2 - 100*p + 1177. Calculate w(30).
-23
Let j(i) = -i**2 - 45*i - 41. Calculate j(-43).
45
Let y(q) = q**2 + 10*q - 270. Determine y(15).
105
Let t(g) = -2*g**2 + g + 174. Give t(10).
-16
Let z(g) = g**2 + 200*g + 7511. Give z(-150).
11
Let x(k) = k**3 + k - 20. Calculate x(6).
202
Let i(o) = 251*o + 2499. Determine i(-10).
-11
Let o(z) = -z**3 - 25*z**2 - 118*z - 26. Calculate o(-6).
-2
Let l(s) = -4*s**3 - 255*s**2 + 78*s + 888. Calculate l(-64).
-8
Let f(u) = 42*u - 170. What is f(4)?
-2
Let w(p) = 184*p + 4024. Give w(-22).
-24
Let o(q) = 43*q + 5146. Determine o(-122).
-100
Let k(r) = 3*r**2 - 3*r + 20. What is k(-7)?
188
Let v(i) = -81*i + 2726. Determine v(32).
134
Let s(n) = 2*n**3 + 25*n**2 + 69*n - 52. Determine s(-6).
2
Let w(d) = -103*d + 407. Determine w(5).
-108
Let j(v) = 37*v - 3. What is j(8)?
293
Let j(p) = -p**3 - 23*p**2 + 27*p + 74. Give j(-24).
2
Let l(n) = 93*n - 1332. Give l(14).
-30
Let y(v) = 152*v - 1839. Give y(12).
-15
Let o(r) = 42622*r + 85244. Calculate o(-2).
0
Let q(y) = -65*y + 5594. Give q(86).
4
Let o(g) = 115*g + 850. Calculate o(-8).
-70
Let u(s) = -s**2 - 87*s - 1293. Give u(-68).
-1
Let n(m) = -765*m - 13763. Determine n(-18).
7
Let s(h) = -h**2 + 36*h - 341. Give s(21).
-26
Let t(b) = b**2 + 57*b + 195. Calculate t(-54).
33
Let y(c) = c**2 + 51*c + 190. Calculate y(-5).
-40
Let v(q) = -q**2 + 17*q + 78. Determine v(22).
-32
Let y(f) = -367*f + 2557. Calculate y(7).
-12
Let q(z) = 4*z**2 + 34*z - 209. Determine q(-13).
25
Let d(y) = y - 20. Calculate d(24).
4
Let c(x) = -2*x**2 + 134*x - 1712. Determine c(17).
-12
Let b(o) = o**3 - 5*o**2 - 30*o + 103. Determine b(8).
55
Let n(t) = -47*t - 94. Calculate n(-2).
0
Let n(l) = -4*l**3 + 128*l**2 - l + 56. What is n(32)?
24
Let a(p) = 12*p - 34. Calculate a(-1).
-46
Let m(j) = -18*j + 78. What is m(15)?
-192
Let g(q) = -2*q**2 - 57*q + 9746. Calculate g(57).
-1
Let n(j) = 23*j + 8. Give n(-14).
-314
Let i(p) = -2*p**2 + 5*p + 56. What is i(8)?
-32
Let r(p) = -5*p**2 - 22*p - 35. Calculate r(-2).
-11
Let l(j) = 2*j**2 - 90*j + 101. What is l(48)?
389
Let b(n) = -11*n**2 - 168*n - 550. Calculate b(-5).
15
Let j(k) = -k**3 + 34*k**2 - 167*k - 7. Calculate j(28).
21
Let c(m) = -2*m**2 + 65*m - 137. Determine c(2).
-15
Let q(i) = 7*i**2 + 66*i - 101. Determine q(-11).
20
Let s(w) = w**3 + 42*w**2 - 43*w - 77. Determine s(-43).
-77
Let h(v) = 6*v**2 - 508*v - 179. Calculate h(85).
-9
Let a(c) = -665*c - 168913. Give a(-254).
-3
Let m(i) = -694*i - 5508. Calculate m(-8).
44
Let j(y) = 23*y - 1641. Give j(73).
38
Let v(g) = 2*g**3 + 3*g**2 + 9*g + 12. Determine v(-2).
-10
Let i(u) = -u**